 h(k)?
3
Let n(m) = -13*m**2 + 3*m - 3. Let z be n(-3). Let s = z + 183. What is the units digit of s?
4
Let s(c) = c - 1. Let f(b) = 1. Let p(g) = -4*f(g) - 3*s(g). Let x be p(-1). Suppose 0 = -x*v + 6*k - 4*k + 44, 3*v = -k + 70. What is the tens digit of v?
2
Let a(c) be the second derivative of 5*c**4/6 + c**3/2 + 15*c - 1. Suppose -4*j - 1 = 7. What is the units digit of a(j)?
4
Suppose -3*o = -0*d + 3*d - 6, -3*o = 2*d - 8. Suppose -b = -o*b + 198. What is the units digit of b?
6
Let p = 9 + -4. Let g = -87 + 153. Suppose -u - 264 = -p*u - 3*b, 0 = -u + 5*b + g. What is the tens digit of u?
6
Suppose 0 = -5*v - 20, d - 26 = -d + 3*v. What is the units digit of d?
7
Let o(z) = z**3 + 12*z**2 + z + 14. Let n be o(-12). Suppose -2*d - d - n*b + 29 = 0, -3*d - 4*b + 31 = 0. What is the units digit of d?
9
Let k = -3 - 299. Let f = k + 495. What is the units digit of f?
3
Let o(y) = 39*y + 25*y - 66 - 36*y. What is the tens digit of o(4)?
4
Let w(h) = 43*h**2 + 3*h + 2. Let y be w(-1). Suppose -3*s + p = 5*p - 34, 5*s = -3*p + y. Let r = 4 + s. What is the units digit of r?
0
Suppose 2 + 0 = w. Suppose w*a - 124 = 3*r, 2*r = -4*a + 3*a + 62. What is the tens digit of a?
6
Suppose 4*k - 11 - 1 = 2*b, -18 = -b - 4*k. Let x(a) = 6*a**3 - 2*a**2 + a + 1. What is the tens digit of x(b)?
4
Suppose -9*a + 49 = -8*a. Suppose 0 = 5*w + 14 - a. What is the units digit of w?
7
Let a(l) = l**2 - 6*l + 108. What is the thousands digit of a(-42)?
2
Suppose 48*v = -44062 + 155950. What is the hundreds digit of v?
3
What is the tens digit of (-481 - 13)*(-10 - -2)?
5
What is the tens digit of (0 - (-1378 + 2)) + 0/(-3)?
7
What is the tens digit of -2 - (-613 - (1 + -3))?
0
Let x be (3 + 3/(-2))*2. Let r(h) = 2*h**2 - 4*h + 8. What is the units digit of r(x)?
4
Suppose -3*j = -4 - 17. Let z = j + -27. What is the tens digit of (-705)/z - (-6)/8?
3
Suppose 5*z + 2 + 4 = -2*v, 18 = -3*v - 3*z. What is the tens digit of (8/6)/(v/(-720))?
2
Suppose -4*j + 2*x + 44 = 0, 0 = -3*j - x + 6*x + 33. Let w(s) be the first derivative of s**2/2 + 2*s - 12. What is the tens digit of w(j)?
1
Let b(w) = -w**2 + 3*w - 4. Let c = -10 + 9. Let x(g) = -1. Let l(p) = c*b(p) - 4*x(p). What is the tens digit of l(7)?
3
Suppose 24*r - 5968 = 8984. What is the hundreds digit of r?
6
Suppose 0 = 5*n + 3*a - 17444, n - 3669 = -a - 179. What is the tens digit of n?
8
Let j(a) = 28*a**2 - a - 9. What is the units digit of j(4)?
5
Let h(q) = q + 13. Let d = 15 - 18. What is the units digit of h(d)?
0
Suppose 5 = 5*i, -25*y = -27*y - i + 3455. What is the thousands digit of y?
1
Suppose 5*s + 20 = -0*s, -25 = -3*p + 4*s. Suppose 0 = -4*a + 3*a + p. What is the units digit of a?
3
Let o(b) = b**3 + b**2 - 1. Let c(m) = 7*m**3 + 6*m**2 + 2*m + 132. Let k(u) = c(u) - 6*o(u). What is the hundreds digit of k(0)?
1
Let w(b) = -15*b + 1. Let m be w(-1). Let x be m/(3 + -1)*-2. Let t(c) = -c**3 - 16*c**2 - c + 15. What is the units digit of t(x)?
1
Suppose 35 = -5*j + 5*z, 3*j + 2*z = -2 - 4. What is the tens digit of (-210)/j + (-8)/(-16)?
5
Suppose 211*y - 232*y + 33978 = 0. What is the thousands digit of y?
1
What is the tens digit of 2466/4*148/111?
2
Let z(t) be the second derivative of -11*t**3/3 + 5*t**2 - 33*t. What is the tens digit of z(-3)?
7
Let d(q) = -q**2 + 2*q + 188. Let h be d(0). Let y = 313 - h. What is the hundreds digit of y?
1
Let g(y) = -3*y**2 + 8 + 0*y**2 - y**2 - 4*y + 5*y**2. Let x be g(6). What is the units digit of (x/(-12))/5*-18?
6
Suppose 730 - 6282 = -16*n. What is the tens digit of n?
4
Let s(u) = u**3 + u**2 + u - 1. Let c be s(1). Suppose -c*f = 0, 3*z - 2*f - 169 - 320 = 0. What is the hundreds digit of z?
1
Let s(u) = -u**3 - 25*u**2 - 24*u + 3. Let z be s(-24). Suppose 0 = -z*p + 103 + 473. What is the units digit of p?
2
Suppose -i = 5*w - 703, 14*i + w + 3515 = 19*i. What is the tens digit of i?
0
Suppose -h + 4*h = -1020. What is the units digit of ((-5)/10)/(2/h)?
5
Let x be -4 + -21 + 2 + -1. Let n be (10/40)/((-2)/x). Suppose n*w - 2*w = 17. What is the units digit of w?
7
Let v(l) = -l**2 + 6*l - 5. Let x be v(4). Let y = 601 + -591. Suppose -y = -x*b + 101. What is the units digit of b?
7
Let h = -68 - 7. Let i = h - -146. What is the units digit of i?
1
Let b(i) = -12*i - 32. What is the hundreds digit of b(-14)?
1
Suppose 70*s + 51 = 71*s. What is the tens digit of s?
5
Let u be (-3)/(-3 + (-270)/(-93)). Let g = u - 25. What is the units digit of g?
6
Let a = -644 + 1060. What is the tens digit of a?
1
Suppose -39 = -5*o - 29. Suppose 2*c = o*v - 42, 3*v + 2*c = -2*c + 35. Let j = v - -30. What is the units digit of j?
7
Let s(x) = 5*x**2 + 3*x + 2. Let r be s(-1). Suppose -5*o - r*q = -347, 2*o = -o + 5*q + 186. What is the units digit of o?
7
Suppose 14*k - 4*k - 850 = 0. What is the units digit of k?
5
Let p be -1*12/15*1525/10. Let g = p + 225. What is the units digit of g?
3
What is the units digit of 11522*(0 - (255/(-35) - -7))?
2
Let g(b) = b + 3. Let h be g(-1). Suppose 0*y + 27 = -h*f - y, 47 = -2*f + 3*y. Let j = 28 + f. What is the units digit of j?
2
Let b be 4/6 + (-1244)/3. Let s(l) = -l**2 + 12*l + 158. Let o be s(-8). What is the tens digit of b/(-24) + o/8?
1
Let q = -123 - -3280. What is the tens digit of q?
5
Suppose 132 = 2*h - m, 0*m - 2*m - 136 = -2*h. Suppose 24*a - 27*a + 6 = 0. Suppose n = a*n - h. What is the units digit of n?
4
Suppose -2*l - 2*i + 26 = 0, -5*l + 3*l = 5*i - 26. Suppose -l = 3*c - 205. Let a = -39 + c. What is the tens digit of a?
2
Suppose -3*q - 7*v = 3*v - 5420, 8 = -2*v. What is the hundreds digit of q?
8
Let g(h) = -7*h - 6. Let v be g(-6). Let b = v - -1. What is the units digit of b?
7
Suppose 5*o - 287 = 2*y - 1292, -3*o + 981 = 2*y. Suppose 0*v - y = -5*f - 2*v, 0 = 3*f - 3*v - 276. What is the units digit of f?
7
Suppose -116 = -5*i + 5*a + 34, -5*i + 3*a = -156. Let p be 156/(-2)*(-2)/2. Let v = p - i. What is the tens digit of v?
4
Let o = -48 + 46. What is the hundreds digit of 251*(-1 - o) + (-30)/(-10)?
2
Suppose -y - t = 19 - 151, 2*t = 4*y - 504. What is the hundreds digit of y?
1
Suppose 3*m + 2*f + 49 = 0, 54 = -m - 3*m + 3*f. Let y = 21 - m. What is the units digit of y?
6
Suppose 5*l + 8 = -v, 0*v - 2*l - 68 = -5*v. Let u be v/4 + 30 - -1. What is the tens digit of u - (-1 - (-5 + 3))?
3
Let p = 378 + -135. What is the hundreds digit of p?
2
Let b = 783 + -456. What is the hundreds digit of b?
3
Suppose h - 52 = -5*p + 3*p, h = 0. Suppose 9*q = 11*q + p. Let x(r) = -r**2 - 14*r - 6. What is the units digit of x(q)?
7
Let d(o) = -304*o + 23. What is the tens digit of d(-2)?
3
Suppose 4*d - 15*d = -8283. What is the units digit of d?
3
Suppose -4*k + 5*k = 3*d + 480, -5*d = 5*k - 2420. What is the tens digit of k?
8
Let b be 8*(4 + (-14)/4). Suppose 5*c + 232 = 5*i + b*c, 4*i - c = 186. What is the units digit of i?
6
Let r = 3757 + -1034. What is the units digit of r?
3
Suppose -4*i + 3*h = -6*i + 6183, -15395 = -5*i + 5*h. What is the tens digit of i?
8
Suppose -3*d + 12 = 5*t - 6, -2*t + 8 = 2*d. Suppose -t*k = -23 - 37. What is the units digit of k - 2*(-2)/4?
1
Let k(z) = -11*z**3 - z. Let l be k(-2). Let p = 207 - l. What is the hundreds digit of p?
1
Suppose 3*s = -15*h + 13*h + 3041, 0 = -2*h + 3*s + 3023. What is the hundreds digit of h?
5
Suppose 2*q - 2*t = 2100, 4*t - 6 = t. What is the tens digit of q?
5
Suppose -25*u + 8961 = -11589. What is the units digit of u?
2
Suppose 9*q = 922 + 3245. Suppose 3*z + 22 - q = 0. What is the tens digit of z?
4
Let i be 0 + (-8)/((-24)/9). Suppose -2*w + 5*z = -96, 0 = 4*w - i*w - 5*z - 38. What is the units digit of w?
8
Let y be (-18)/12*3/(9/(-8)). Suppose 0 = -y*q + 20, u - 2*q - 294 = -u. What is the hundreds digit of u?
1
Let j = -933 - -1594. What is the hundreds digit of j?
6
Suppose -2*i - 3 = a, 3 = -a + 5*i + 14. Let r(o) = 3*o**2 - o + 2. What is the units digit of r(a)?
4
Let r = -20 - -14. Let n = 9 + r. Suppose -n*u + 88 = u. What is the units digit of u?
2
Suppose -8 = -2*w - 16, p + w = 970. What is the units digit of p?
4
Let c be ((-4)/10)/((-9)/(-90)). Let y be 1*(c + 1) + 27. Suppose -7*a = -3*a + 5*r - 51, 2*r - y = -2*a. What is the units digit of a?
9
What is the units digit of 6 + (4 - (-3 + -1226))?
9
Let d